 the third derivative of s**6/120 - s**5/12 + s**4/4 + 2*s**2. Let w be l(4). Let j = w + 47. Calculate the highest common factor of j and 22.
11
Let d(x) = 3*x**3 - 5*x**2 + 3*x. Let c be d(-4). Let y = -158 - c. Calculate the highest common divisor of 18 and y.
18
Suppose 433 + 1807 = 7*b. What is the highest common factor of 40 and b?
40
Let m be (5/4)/(4/16). Suppose 4*i - 3*q = 21, -i - m*q - 1 = -2*i. Let f be (-6)/(-2) + 0 + 1. Calculate the highest common factor of i and f.
2
Let w = -2 - 3. Let o be ((-9)/w)/(1/5). What is the greatest common factor of o and 9?
9
Suppose -86 = -3*q - 2*q + 2*p, 6 = 3*p. Calculate the highest common divisor of 162 and q.
18
Let k(y) = -16*y + 6. Let v be k(-4). Calculate the greatest common divisor of v and 42.
14
Suppose 0*v = -3*v + 6. Suppose -v*a - 15 = -3*i, 5*i + 8*a = 3*a + 50. What is the highest common divisor of i and 1?
1
Let c(n) = 3*n**2 - 3*n - 4. Let o be c(4). Suppose 2*b = 4*q - 122 - 62, 2*b = -5*q + 248. What is the highest common factor of o and q?
16
Let m(c) = -c**3 - 5*c**2 - 11*c - 6. Let w be m(-6). Calculate the highest common factor of w and 64.
32
Suppose m = -4*m. Suppose -5*y - 2*f = -10, -3*y + 0 = -f - 6. Let x be m - (0 - y - 42). What is the highest common factor of 4 and x?
4
Suppose 4*b = 5*b - 9. Suppose -2*x - b + 3 = 0, -34 = -g + 4*x. What is the greatest common divisor of 44 and g?
22
Let t = -28 - -29. What is the greatest common factor of 4 and t?
1
Suppose -5*m + 238 + 42 = 0. Suppose -2 = 4*u - 18. Suppose -r + 4 = -u. What is the highest common factor of m and r?
8
Let v = -166 + 192. Calculate the highest common divisor of 26 and v.
26
Let u be -2 + (-1)/(1/(-5)). Suppose 12 = u*p + 3. Calculate the greatest common factor of 9 and p.
3
Let q = -1 - -1. Suppose q = -2*a - 5*w + 35, -7*a + 101 = -2*a - w. Let d be (128/(-80))/(1 - (-101)/(-100)). Calculate the greatest common factor of a and d.
20
Suppose 0 = 5*a - n - 50, -2*a - a + 4*n + 30 = 0. Suppose -204 - 246 = -5*q. What is the greatest common factor of q and a?
10
Suppose 6*c - 2*c - 2*a = 70, -5*c = -2*a - 86. Let p be (-32)/6*45/(-5). What is the highest common divisor of p and c?
16
Suppose 0 = -m - 4*n + 13, m = n - 5 + 8. Let u(v) = v**2 + 5*v - 11. Let p be u(-9). Calculate the highest common divisor of m and p.
5
Suppose -2*c + 34 = -22. What is the highest common divisor of 7 and c?
7
Suppose 0*l = -4*l + 120. Calculate the greatest common factor of l and 45.
15
Let x(d) = 3*d**3 - d**2 - 4*d. Let z = 16 + -13. Let y be x(z). What is the highest common factor of 24 and y?
12
Let t(x) = -x**3 + 2*x**2 + x + 1. Let w be t(2). Suppose 35 = -4*n + w. Let c = 1 - n. Calculate the greatest common factor of c and 9.
9
Let b = 3 - -11. Let d be (-387)/(-3)*1 - 3. What is the greatest common factor of d and b?
14
Let o(w) be the first derivative of -5*w**4/4 - 4*w**3/3 - w**2 - 4. Let s be -1*5 + 2*1. Let k be o(s). Calculate the highest common divisor of 15 and k.
15
Let t be (-6)/3 - 0/(-2). Let w be t/6 + (-30)/(-9). Suppose j + w = 12. Calculate the greatest common factor of 27 and j.
9
Suppose 0 = 4*t - 2*o - 76, -t + 57 = 2*t - o. Calculate the highest common factor of t and 19.
19
Let o = -23 - -10. Let q = 22 + o. What is the highest common divisor of 9 and q?
9
Let z be 22 + (-1 - (-2 - -1)). Let b = z - 10. What is the greatest common factor of 132 and b?
12
Suppose 12 = 3*v - 4*i - 7, 0 = -3*v - i + 14. What is the highest common divisor of 5 and v?
5
Suppose 5 = 4*l - 11. Let u(w) = -w**2 - 7*w - 6. Let k be u(-5). What is the highest common divisor of k and l?
4
Suppose 5*i + 0 = l - 40, -2*l - 4*i + 94 = 0. Suppose 108 = -2*q + 4*q. Suppose -3*j + q = -0*j. What is the greatest common divisor of l and j?
9
Suppose -4*t - 2*b = -148, 0*t - 4*b = -2*t + 64. What is the greatest common divisor of t and 24?
12
Suppose 2*t - 2 = -3*f - 1, 3*f - 4 = t. Let b be (f + 0)*2 - -4. Let o(x) = 35*x - 5. Let z be o(1). What is the greatest common factor of z and b?
6
Suppose -l = 5*t + 4*l, -5*l - 2 = 4*t. Calculate the greatest common factor of 2 and t.
2
Let u be (-1846)/(-8) + (-12)/(-48). Calculate the greatest common divisor of u and 33.
33
Suppose 2*j = 6*j - 516. Calculate the greatest common divisor of j and 86.
43
Let h = 36 + -32. Calculate the greatest common divisor of 64 and h.
4
Suppose -y - y = -6. Suppose -62 = -3*j + 10. What is the greatest common factor of y and j?
3
Suppose 4*v = -5*j + 81, -5*j + v = 3*v - 73. What is the highest common divisor of 65 and j?
13
Let p = 34 + -19. What is the greatest common factor of p and 75?
15
Let d be ((-909)/18)/(1/(-2)) - -4. Calculate the highest common factor of d and 70.
35
Suppose -j - 2 = 0, -2*j = -2*b - 5 - 7. Let o = b + 10. Calculate the greatest common factor of o and 22.
2
Suppose 0 = 4*p - 103 - 57. Suppose 3*f - 92 = -4*c + 100, 3*f = -2*c + 186. Calculate the highest common factor of f and p.
20
Suppose c + g = 1, -3*g + 17 = c - 6*g. Suppose 5*k + c*u - 350 = 0, -3*u - 102 = -2*k + 48. What is the greatest common factor of 18 and k?
18
Let p(w) = 4*w**2 - 4*w - 2. Let z be p(4). What is the highest common factor of 23 and z?
23
Suppose 3*t - 9 = 18. Let l be (t/12)/(1/12). Let u = -13 - -22. Calculate the highest common factor of u and l.
9
Let i be (4 - 0) + 1 + 0. Suppose -4*t - 11 = -3*v, i*t = -v + 8 + 2. What is the highest common divisor of t and 4?
1
Suppose -2*r = -3*n + 12, 4*r = 5*n - 9 - 11. Let s(w) = 3*w + 8. Let j be s(12). Calculate the greatest common factor of n and j.
4
Let g(a) = a**2 - 8*a - 11. Let h be g(10). What is the highest common divisor of 6 and h?
3
Suppose 4*p - 3 = 5. Suppose -12 = p*h - 3*h. Calculate the greatest common divisor of h and 4.
4
Let a = -14 + 21. Suppose -2*v - 175 = -a*v. Calculate the highest common factor of v and 5.
5
Suppose 135 + 81 = 8*p. What is the highest common divisor of 18 and p?
9
Let g = 6 - 3. What is the highest common divisor of g and 33?
3
Let q(x) = 3*x**2 + 4*x - 2. Let c be q(-4). Calculate the greatest common factor of 15 and c.
15
Suppose -4*s + 2*p - 54 = 0, 3 + 6 = s + 4*p. Let m(v) = -v**3 - 10*v**2 + 11*v + 6. Let n be m(s). Calculate the greatest common divisor of 48 and n.
6
Let l(p) be the first derivative of 2 - 3/2*p**2 - p. Let f be l(-2). What is the highest common divisor of f and 20?
5
Let p = 7 - -2. Let d(t) = -t**3 - p*t**2 + 2*t - 4*t - 6 + 13. Let f be d(-9). What is the highest common factor of f and 5?
5
Suppose 2 = -4*h + 5*h. Let v be 12 + (-2 + 0)/h. What is the highest common divisor of v and 44?
11
Let g(c) = 2*c**2 - 2*c - 1. Suppose 1 + 2 = h. Let w be g(h). Calculate the greatest common factor of w and 11.
11
Suppose -2*m + 4*m + 3*n + 5 = 0, -10 = 2*n. Suppose -m*b + 582 = 4*r, 5*r + 167 - 886 = -2*b. What is the greatest common factor of r and 13?
13
Let k be 578/8 - 1/4. What is the greatest common factor of 9 and k?
9
Let i(z) = -z. Let w(k) = -4*k - 25. Let v(g) = 5*i(g) - w(g). Let c be v(11). What is the greatest common divisor of 14 and c?
14
Suppose 551 = 3*x - 4*v + 7, 4*v + 904 = 5*x. Suppose -g + 6*g - x = 0. Calculate the greatest common divisor of g and 9.
9
Let w(c) = c + 1. Let f be w(3). Suppose 14 = -3*m + 5*m - 5*s, f*s = 2*m - 12. Suppose 0 = l - m*l + 14. Calculate the greatest common divisor of 14 and l.
14
Suppose 0 = v - 3 + 9. Let g be ((-20)/v)/(7/21). Let m be (12/g)/(3/15). Calculate the greatest common factor of 12 and m.
6
Let s(z) = 7*z**2 + 9. Let c be s(-4). Suppose -i + 33 + c = 0. Calculate the highest common factor of i and 14.
14
Let t = -167 + 3. Let a = t - -237. Let m = 169 - a. Calculate the highest common divisor of 12 and m.
12
Suppose 5 = -5*r - u, 4*r - 2*r + 2*u = -10. Let t(k) = k**3 + k + 12. Let a be t(r). Calculate the greatest common factor of a and 12.
12
Suppose t + 20 = 3*t. What is the greatest common divisor of t and 25?
5
Let p(x) = 3*x**2 + 15*x. Let g be p(-8). Calculate the highest common factor of g and 9.
9
Let v = 20 + 2. What is the highest common factor of 11 and v?
11
Let r = -43 + 263. Let h(w) = w**2 + 10*w - 19. Let s be h(-13). What is the greatest common divisor of r and s?
20
Suppose -3*s = 0, -4*s = -4*g + 125 + 31. Calculate the greatest common divisor